s 12 a factor of 888936?
True
Is 14 a factor of 2350056?
False
Is 3 a factor of 34248?
True
Is 4987567 a multiple of 592?
False
Is 14 a factor of 786172?
False
Is 1492452 a multiple of 156?
True
Is 2365762 a multiple of 58?
True
Is 29 a factor of 24048?
False
Is 291158 a multiple of 14?
True
Is 384 a factor of 11356032?
True
Is 20 a factor of 215900?
True
Is 323 a factor of 255601?
False
Is 24 a factor of 36240?
True
Is 5655 a multiple of 55?
False
Is 53496 a multiple of 12?
True
Does 119 divide 143663?
False
Is 126171 a multiple of 29?
False
Is 388552 a multiple of 17?
True
Is 440141 a multiple of 13?
True
Does 175 divide 1012900?
True
Is 30 a factor of 3808468?
False
Does 54 divide 203904?
True
Does 37 divide 30784?
True
Is 30 a factor of 211728?
False
Is 229469 a multiple of 772?
False
Does 40 divide 47865?
False
Does 14 divide 538762?
True
Does 2337 divide 5648529?
True
Is 206 a factor of 5480912?
False
Is 94383 even?
False
Is 758640 a multiple of 174?
True
Is 18 a factor of 108648?
True
Is 111670 a multiple of 130?
True
Does 5 divide 1075711?
False
Is 366 a factor of 359426?
False
Is 60 a factor of 238200?
True
Is 303992 a multiple of 632?
True
Does 145 divide 423223?
False
Is 2329686 a multiple of 2?
True
Is 6916 a multiple of 7?
True
Is 17 a factor of 274367?
False
Does 13 divide 149240?
True
Does 138 divide 45226?
False
Is 7 a factor of 11802?
True
Is 5 a factor of 670042?
False
Does 8 divide 1308776?
True
Is 745 a factor of 4472980?
True
Is 385006 a multiple of 326?
True
Is 13 a factor of 3303573?
True
Is 4 a factor of 145049?
False
Is 8570148 a multiple of 492?
True
Is 1619008 a multiple of 80?
False
Does 365 divide 1071640?
True
Is 1835 a factor of 15452535?
True
Does 250 divide 1464000?
True
Is 357517 a multiple of 5?
False
Does 28 divide 635796?
True
Is 12941595 a multiple of 47?
False
Is 53088 a multiple of 4?
True
Does 1087 divide 7947134?
False
Does 186 divide 2570447?
False
Is 701 a factor of 10117935?
False
Does 20 divide 1827623?
False
Is 1053 a factor of 1852053?
False
Is 11216738 a multiple of 98?
False
Is 25 a factor of 424679?
False
Does 101 divide 8203159?
False
Is 917048 a multiple of 88?
True
Is 4 a factor of 8158?
False
Does 65 divide 558920?
False
Is 5987944 a multiple of 68?
True
Does 8 divide 3173854?
False
Does 68 divide 195296?
True
Is 3757002 a multiple of 35?
False
Does 2 divide 14273?
False
Is 4029688 a multiple of 104?
True
Does 28 divide 141158?
False
Is 3802130 a multiple of 23?
True
Is 419 a factor of 1584941?
False
Is 3 a factor of 475186?
False
Does 36 divide 88388?
False
Does 191 divide 3327411?
True
Does 80 divide 2485441?
False
Is 51800 a multiple of 5?
True
Is 701 a factor of 7711833?
False
Is 20 a factor of 816197?
False
Does 214 divide 237634?
False
Does 46 divide 16054?
True
Is 9703 a multiple of 3?
False
Is 24 a factor of 73639?
False
Is 1346526 a multiple of 58?
False
Is 199059 a multiple of 50?
False
Does 418 divide 159676?
True
Does 9 divide 985529?
False
Is 179 a factor of 1307595?
True
Is 39 a factor of 4179021?
False
Is 1289 a factor of 230989?
False
Is 2 a factor of 109524?
True
Is 3 a factor of 21966?
True
Does 175 divide 210633?
False
Is 555424 a multiple of 11?
False
Does 31 divide 98480?
False
Is 21 a factor of 521178?
True
Is 43 a factor of 1697038?
True
Does 534 divide 284622?
True
Does 229 divide 6024689?
False
Does 52 divide 35860?
False
Does 20 divide 20840?
True
Is 54 a factor of 291600?
True
Does 15 divide 160374?
False
Is 113 a factor of 77275?
False
Is 797568 a multiple of 4?
True
Does 94 divide 2572369?
False
Is 551 a factor of 7255978?
False
Is 19 a factor of 20487256?
False
Is 639 a factor of 4421241?
True
Does 6 divide 154164?
True
Is 304520 a multiple of 40?
True
Is 8671191 a multiple of 713?
False
Is 632610 a multiple of 71?
True
Does 210 divide 3994620?
True
Is 768116 a multiple of 194?
False
Does 25 divide 484950?
True
Does 122 divide 334158?
True
Does 32 divide 56160?
True
Is 456304 a multiple of 19?
True
Is 144537 a multiple of 9?
False
Is 2714125 a multiple of 85?
False
Is 25172 a multiple of 2?
True
Does 8 divide 389408?
True
Is 191 a factor of 2387727?
False
Is 5037822 a multiple of 174?
True
Is 14 a factor of 13202599?
False
Is 37 a factor of 401783?
True
Does 30 divide 92107?
False
Is 4 a factor of 11283?
False
Is 237 a factor of 132720?
True
Is 3 a factor of 30618?
True
Does 5 divide 6140?
True
Is 134868 a multiple of 40?
False
Is 5 a factor of 1746278?
False
Is 768 a factor of 679758?
False
Does 14 divide 999130?
False
Does 46 divide 76205?
False
Is 60349 a multiple of 4?
False
Is 49 a factor of 402271?
False
Is 12 a factor of 327936?
True
Is 104 a factor of 878875?
False
Is 79418 a multiple of 100?
False
Does 395 divide 758005?
True
Is 1332014 a multiple of 62?
False
Is 504432 a multiple of 31?
True
Is 188368 a multiple of 16?
True
Is 41 a factor of 8090443?
False
Is 825396 a multiple of 676?
True
Is 208406 a multiple of 186?
False
Is 339108 a multiple of 22?
True
Is 2516238 a multiple of 18?
True
Does 274 divide 9826?
False
Is 2156526 a multiple of 69?
True
Is 105 a factor of 1904397?
False
Does 19 divide 949836?
False
Is 661323 a multiple of 18?
False
Is 12 a factor of 871363?
False
Is 129317 a multiple of 36?
False
Is 779099 a multiple of 14?
False
Is 10 a factor of 874163?
False
Is 6 a factor of 298440?
True
Is 54 a factor of 675594?
True
Is 12 a factor of 1190030?
False
Does 47 divide 241280?
False
Is 71 a factor of 32295?
False
Is 482 a multiple of 12?
False
Is 504672 a multiple of 112?
True
Does 646 divide 5078222?
False
Is 1959050 a multiple of 91?
False
Is 19 a factor of 327123?
True
Is 25 a factor of 1178325?
True
Is 9 a factor of 148221?
True
Is 2599750 a multiple of 119?
False
Does 13 divide 5242169?
False
Does 54 divide 3115260?
True
Is 123 a factor of 922500?
True
Does 1239 divide 2163088?
False
Does 368 divide 1463187?
False
Does 9 divide 106659?
True
Does 72 divide 24264?
True
Is 699 a factor of 4122702?
True
Is 10 a factor of 4328289?
False
Is 471708 a multiple of 12?
True
Is 122 a factor of 169034?
False
Does 48 divide 69264?
True
Is 31 a factor of 555489?
True
Is 2158250 a multiple of 33?
False
Is 144 a factor of 469440?
True
Is 59 a factor of 463622?
True
Does 38 divide 56734?
True
Does 47 divide 1322345?
True
Is 42773 a multiple of 19?
False
Does 57 divide 4207683?
True
Does 37 divide 9711745?
False
Does 124 divide 447144?
True
Does 2 divide 388305?
False
Does 8 divide 54840?
True
Is 227212 a multiple of 4?
True
Does 496 divide 2821304?
False
Is 3 a factor of 5568?
True
Does 16 divide 288528?
True
Is 436315 a multiple of 11?
True
Is 63 a factor of 77829?
False
Does 70 divide 418390?
True
Is 46 a factor of 157618?
False
Does 53 divide 162434?
False
Does 22 divide 951889?
False
Is 435 a factor of 3248812?
False
Does 23 divide 268530?
False
Is 7329714 a multiple of 147?
True
Does 428 divide 498192?
True
Does 193 divide 66710?
False
Is 1892332 a multiple of 482?
True
Is 133552 a multiple of 491?
True
Is 90 a factor of 1015200?
True
Is 1509995 a multiple of 130?
False
Is 158075 a multiple of 13?
False
Does 177 divide 20685459?
True
Is 19 a factor of 144238?
False
Is 110 a factor of 444003?
False
Is 223925 a multiple of 689?
True
Is 8386320 a multiple of 83?
True
Is 69978 a multiple of 13?
False
Does 5 divide 887648?
False
Is 280 a factor of 229880?
True
Is 494382 a multiple of 5?
False
Is 127 a factor of 17528?
False
Does 11 divide 1040327?
False
Is 78 a factor of 2451617?
False
Is 614339 a multiple of 12?
False
Is 4970 a multiple of 10?
True
Is 5 a factor of 11779?
False
Does 298 divide 86769?
False
Is 3600 a multiple of 12?
True
Is 117364 a multiple of 52?
True
Is 96 a factor of 91968?
True
Does 242 divide 1384482?
True
Is 1092 a factor of 23865667?
False
Is 163 a factor of 43138?
False
Is 8 a factor of 4279544?
True
Is 23373 a multiple of 2?
False
Is 16595246 a multiple of 19?
True
Does 7 divide 2297734?
False
Is 2415952 a multiple of 44?
True
Does 22 divide 483974?
False
Is 10 a factor of 891144?
False
Does 6 divide 170280?
True
Does 19 divide 6498?
True
Does 16 divide 1478112?
True
Does 146 divide 6694906?
False
Does 44 divide 304036?
False
Is 1210976 a multiple of 82?
True
Is 40194 a multiple of 33?
True
Is 381801 a multiple of 19?